?
7
Let r be (42/(-10))/(11/825*-3). Calculate the greatest common factor of r and 126.
21
Suppose 0 = 3*k - 6*k. Suppose 0 = -g + w + 1, -5*w + 3 + k = -g. Suppose 3*b - 10 = g. What is the greatest common factor of b and 40?
4
Let t = -55 + 77. Suppose u + 0 - t = 0. Calculate the highest common factor of u and 33.
11
Suppose 45*h - 158*h + 2938 = 0. Calculate the greatest common factor of 143 and h.
13
Let b = 13 - 12. Suppose 2*n - 2 = -0*n. What is the highest common divisor of b and n?
1
Let l be 47 - (-6 - (5 - 7)). What is the highest common factor of 3 and l?
3
Let j = 891 + -856. What is the highest common factor of j and 91?
7
Let j be 3 + 0 - (1 - 3). Let t(z) = z**2 + z - 7. Let x be t(j). Let o = x + -19. Calculate the highest common divisor of 4 and o.
4
Suppose -5*q = -10*q + 3990. Suppose q = 5*t - 2*t. Calculate the highest common factor of t and 38.
38
Let z = -544 + 568. Calculate the greatest common factor of z and 30.
6
Suppose -3834 = -145*h + 3416. Suppose 0 = -5*v - 5*d + 5, -3*v - 5*d + d = -4. Suppose 4*i - 40 = -v*i. What is the highest common divisor of i and h?
10
Let w(g) = 5*g**2 - 3*g - 3. Let j be w(-2). Let i(k) = 8 + k**2 - 9 - 10 + 15*k. Let b be i(-17). What is the greatest common divisor of j and b?
23
Let r(m) = 2*m - 4. Let p be r(6). Suppose 0 = 5*c - 127 - 38. Suppose t = c + 7. What is the greatest common factor of p and t?
8
Let h = 0 + 23. Let v = h - 20. Calculate the greatest common divisor of v and 18.
3
Suppose -26*k + 24*k - 22 = 0. Suppose 0*w + 14 = -w. Let b = k - w. What is the greatest common factor of b and 2?
1
Let w(u) = -6*u**2 - 44*u + 13. Let r be w(-7). Suppose -2*z = 2*k - 4*z - 10, -4 = -z. Calculate the greatest common factor of k and r.
9
Let c be (8 + -3 + -2)/(39/1040). What is the highest common divisor of c and 112?
16
Let y be -2*(333/(-9) - -7). What is the highest common factor of 270 and y?
30
Suppose -2 - 4 = 3*g, -2*c = -g - 8. Suppose c*x = -2*w - 4, 2*w - 3*w - x = 1. Suppose -w = i - 11. Calculate the greatest common factor of i and 70.
10
Suppose -o = 2*x - 0*x - 28, 3*x - 127 = -4*o. Let a = o - 21. Calculate the highest common divisor of a and 117.
13
Suppose 4*h = 29 + 55. Suppose 3*f - 99 = h. What is the greatest common factor of f and 100?
20
Let f = -26 - -11. Let l be -5*-66*(-3)/f. Calculate the greatest common factor of 44 and l.
22
Let d(n) = -2*n**2 + 55*n - 16. Let i be d(8). Calculate the greatest common divisor of 16 and i.
8
Let v(o) = 11*o + 16. Let k(q) = 65*q + 95. Let a(g) = 6*k(g) - 35*v(g). Let t be a(8). Calculate the highest common divisor of 25 and t.
25
Let n be 73/3 + 2/3. Let s(p) = -p**3 + 9*p**2 - 13*p - 2. Let m be s(7). What is the greatest common divisor of n and m?
5
Let m(r) = -r. Let c be m(0). Suppose -5*h + 2*l + 83 + 245 = c, -3*h + 2*l + 200 = 0. Calculate the highest common divisor of 8 and h.
8
Let m = -32 + 53. Suppose -29 - 69 = -14*u. What is the highest common divisor of m and u?
7
Suppose -5 = 3*h - 2. Let j(a) = -7*a + 2. Let d be j(h). What is the highest common divisor of 9 and d?
9
Suppose 0 = -k + 3*m + 16, k + 12 = 3*k - 2*m. Let l be (-364)/65*k*-10. What is the highest common factor of 14 and l?
14
Let b be (-2)/(1/(-3)*2). Suppose 5*j - 895 = -5*c, -2*j - b*j - 209 = -c. What is the highest common factor of 46 and c?
46
Suppose 0 = 4*b - l - 379, 17*b + 5*l + 167 = 19*b. Calculate the highest common divisor of b and 176.
16
Suppose -7 - 1 = -4*a. Suppose 5*y + a*p = -231, 2*y - 3*p + 118 = 37. Let t be 36/(-15)*y/6. What is the greatest common factor of 6 and t?
6
Suppose -2*h + 41 = -167. What is the highest common factor of h and 572?
52
Suppose 42 = -4*v + v + 3*k, 4*k = -5*v - 106. Let i = v - -33. Let r = 48 - i. Calculate the highest common divisor of r and 22.
11
Let m be (56/70)/(9/10 - 1). Let b be (288/14)/(-4)*(1 + m). What is the greatest common factor of b and 252?
36
Suppose 5*g = 12*g - 357. Calculate the highest common divisor of g and 459.
51
Let s be ((-88)/10)/(12/1410). Let v be -1*4 - s/11. What is the greatest common divisor of v and 10?
10
Let i(o) = 2*o + 132. Let v be i(-16). Calculate the greatest common divisor of 20 and v.
20
Let k(v) = -v - 4. Suppose p = 4*p + 90. Let l = -46 - p. Let m be k(l). What is the highest common divisor of 132 and m?
12
Suppose -2*k - 105 + 15 = 0. Let b = 63 + k. Calculate the greatest common divisor of b and 45.
9
Let x be -31*(-2 - (1 + 0)). Let i = 1 + 61. What is the greatest common divisor of x and i?
31
Suppose 0*m + 2*m = -4*t + 22, -3*m = -3*t + 3. Suppose 0 = m*u - 7 - 182. Calculate the greatest common factor of 7 and u.
7
Let y(x) = -x**2 - 16*x + 24. Let l be y(-17). Calculate the highest common divisor of 3 and l.
1
Suppose 0*d + 376 = 4*d. Suppose d = 3*r - 8. Let o be 0 + 68 + 1 + -1. What is the greatest common factor of r and o?
34
Let b be 126/(-24) + 1 - (-2)/8. Suppose -2*p + 11 = -7*p + 4*f, -9 = 3*p - 3*f. Let k be -4 + 3 - b*p. What is the greatest common divisor of k and 3?
3
Let i be 112*4 + -11 + -3 + 8. Calculate the highest common divisor of 51 and i.
17
Suppose -q + 16 = q. Suppose -b - 3*b + q = 0. Let m = 1139 + -1137. What is the greatest common factor of b and m?
2
Let r be (6/5)/(12/40). Suppose 0 = r*q + 5*m - 24, 2*q - m - 15 = -3. Suppose -q - 8 = -s. What is the greatest common divisor of s and 56?
14
Let a = 4 + 16. Suppose -2*y - 3*f = 5, 3*y + f + 22 = 32. What is the highest common factor of y and a?
5
Let c = 117 - 115. Calculate the greatest common divisor of c and 23.
1
Let d be 6/8 + 145/20. Let u = d - -16. Suppose k = 3*k - u. Calculate the greatest common divisor of k and 60.
12
Suppose -k + 2 = 2*d - 2, -5*k - 13 = -d. Suppose d*s = 45 + 66. Calculate the greatest common factor of 37 and s.
37
Suppose 5*u - 4*h - 858 = 0, 0*u - u + 160 = 5*h. Suppose 0 = -8*y + 3*y + u. Calculate the highest common divisor of y and 2.
2
Suppose 80*p + 21 = 83*p. Calculate the highest common factor of 2 and p.
1
Suppose 7*y = 8*y - 4. Suppose -3*g = 5*u - 483, -140 = -y*u + 2*g + 264. What is the highest common divisor of u and 11?
11
Suppose 0 = 3*z + 8 + 10. Let r(t) = -52*t - 42. Let d be r(z). Calculate the greatest common factor of 30 and d.
30
Let s = -7 - -12. Let u(m) = -18 + m**3 - 19*m + 14*m**2 + 42 - 29. Let f be u(-15). Calculate the greatest common divisor of s and f.
5
Let f = -12 - 56. Let k = 104 + f. Calculate the greatest common factor of 4 and k.
4
Let u = -40 - -85. Let t be (12/20)/(12/(-15))*-8. Suppose -t*d + u = -d. What is the highest common factor of d and 63?
9
Suppose -5*p = 0, -84*h + 89*h - p - 1050 = 0. What is the greatest common divisor of h and 1330?
70
Let m = 48 + -34. Suppose 3*a - 47 = 4*a. Let v = -26 - a. Calculate the highest common factor of v and m.
7
Let p = 129 - 64. Calculate the greatest common divisor of p and 5.
5
Let y = -5 + 12. Let z(m) = m**2 + 2*m - 4. Let c be z(-4). Suppose -4*k - 34 = -y*k + i, c*i + 4 = k. What is the greatest common factor of k and 8?
4
Let a(n) = -106*n + 566. Let z be a(5). Calculate the greatest common factor of 1332 and z.
36
Let t = -245 - -344. Let g = -9 + -1. Let a(m) = -2*m**3 - 19*m**2 + 10*m + 9. Let x be a(g). Calculate the greatest common factor of t and x.
9
Let z(b) = -18*b + 87. Let f be z(-4). Calculate the greatest common factor of 583 and f.
53
Let a = 95 - 92. Let w be 154/a + 4/6. Calculate the highest common factor of w and 4.
4
Suppose 0 = -317*g + 320*g - 189. What is the highest common factor of 273 and g?
21
Let k = -36 + 41. Let n = 11 - k. Calculate the greatest common factor of 6 and n.
6
Suppose -5*m = -4*k + 69 - 189, 3*m - 85 = 5*k. What is the highest common factor of 10 and m?
10
Let x = 196 - 191. Let i be (1/(x/(-42)))/(47/(-235)). Suppose 5*f - 30 = 4*j - 0*j, -4*j = 4*f - 24. Calculate the greatest common divisor of f and i.
6
Let k = -1944 + 3505. Let b be k/35 + 2/5. Let n be (-10)/((-10)/(-6) + -2). What is the greatest common factor of n and b?
15
Let d = -12 + 5. Let s = 8 + d. Suppose -2*q + s = -5. Calculate the highest common divisor of 33 and q.
3
Let v = 163 + 257. Calculate the highest common divisor of v and 120.
60
Let t = 5 + 7. Suppose -14*m = -t*m. Suppose -143 = -3*a - 4*d, m = 4*d - 4 